n base 12, what is 50b + 6?
515
In base 7, what is -5256 + -2?
-5261
In base 7, what is -2 - -64?
62
In base 13, what is -9 - -18?
c
In base 15, what is -a + -17?
-22
In base 13, what is -2c3 - 23?
-316
In base 12, what is -5 + -1b3?
-1b8
In base 9, what is 4 - 168?
-164
In base 2, what is -10 + 1110111?
1110101
In base 4, what is -1 - -311?
310
In base 10, what is 174 + 10?
184
In base 9, what is -2 + 52?
50
In base 9, what is -4 + 108?
104
In base 6, what is -222 + -4?
-230
In base 6, what is 341 - -4?
345
In base 11, what is 3aa - -2?
401
In base 4, what is -2 + 1120?
1112
In base 7, what is -1 - -23224?
23223
In base 6, what is -1041 - -102?
-535
In base 11, what is -864 - 1?
-865
In base 13, what is 2 - 52?
-50
In base 5, what is -3 - -340?
332
In base 12, what is 13 + -593?
-580
In base 6, what is 1 + -3?
-2
In base 14, what is c + -5?
7
In base 3, what is 2112 + -20111?
-10222
In base 2, what is -1101111111001 + -101?
-1101111111110
In base 12, what is -10 - -7?
-5
In base 4, what is 3101 - -2?
3103
In base 13, what is c + -10b?
-cc
In base 5, what is -11 - -124?
113
In base 13, what is -cba1 + 1?
-cba0
In base 2, what is -10101001111110 - 10?
-10101010000000
In base 12, what is -491 + 4?
-489
In base 3, what is 2000 - -22?
2022
In base 2, what is -1110101110101 - 10?
-1110101110111
In base 15, what is -9e + -2?
-a1
In base 9, what is 5 + 35?
41
In base 2, what is -11100 - 0?
-11100
In base 11, what is 4371 - -2?
4373
In base 15, what is -8 - 213?
-21b
In base 8, what is 71 - 1?
70
In base 10, what is 6 + -1?
5
In base 12, what is -1 + -34?
-35
In base 2, what is -10010001 - -11?
-10001110
In base 10, what is 171 + 4?
175
In base 14, what is 57 + -3?
54
In base 5, what is -43240 - -10?
-43230
In base 11, what is 2 + -1722?
-1720
In base 14, what is 173 + 0?
173
In base 9, what is 34 - -28?
63
In base 8, what is 4 - 14?
-10
In base 12, what is 4 + -89?
-85
In base 15, what is -441 + -1?
-442
In base 12, what is -39 + 69?
30
In base 14, what is -227 - 12?
-239
In base 12, what is 8 + 4?
10
In base 8, what is -42 - 1?
-43
In base 14, what is -c + -10?
-1c
In base 4, what is -3 - 1122?
-1131
In base 2, what is 10 - 10110?
-10100
In base 3, what is -200 + -101?
-1001
In base 12, what is -7 - -9?
2
In base 14, what is 1 - 171?
-170
In base 16, what is -2 + 5e9?
5e7
In base 16, what is -7 + -11b?
-122
In base 13, what is -358 - 2?
-35a
In base 2, what is -1011001 - -1111?
-1001010
In base 8, what is 2305 - -6?
2313
In base 10, what is -104 + 3?
-101
In base 12, what is 15595 + -5?
15590
In base 4, what is -11 - 231?
-302
In base 2, what is -10001011101001 - -11?
-10001011100110
In base 9, what is -17 - -57?
40
In base 14, what is 97 + 1?
98
In base 13, what is -730c - 3?
-7312
In base 9, what is -11 - -15?
4
In base 11, what is -48 + -60?
-a8
In base 2, what is -1 - -11110110?
11110101
In base 9, what is -4 - -18?
14
In base 5, what is 14 + -1230?
-1211
In base 5, what is -11440 - 2?
-11442
In base 6, what is -1 - 145?
-150
In base 5, what is -422 + -2?
-424
In base 11, what is -9 + -31?
-3a
In base 4, what is 10 + -113322?
-113312
In base 9, what is -1881 - -8?
-1872
In base 12, what is -1 + 23b0?
23ab
In base 7, what is 30 + -2?
25
In base 10, what is -16 - -1?
-15
In base 16, what is -4c - -1?
-4b
In base 13, what is 6b + -87?
-19
In base 13, what is -cb - -12?
-b9
In base 9, what is 1552 + 1?
1553
In base 13, what is -3 - 130?
-133
In base 15, what is -8e - e?
-9d
In base 16, what is -1 - 8c?
-8d
In base 16, what is -74 + -16?
-8a
In base 14, what is 230 - 0?
230
In base 12, what is 15 - 2?
13
In base 2, what is 1000 - 1011111?
-1010111
In base 6, what is -1 - 30?
-31
In base 2, what is 1001 + 0?
1001
In base 7, what is 11415 + -5?
11410
In base 3, what is -2200 + 11?
-2112
In base 7, what is -1 + 24?
23
In base 14, what is 0 - -61?
61
In base 14, what is 1 - -25?
26
In base 14, what is 51 - -6?
57
In base 9, what is 0 + -4?
-4
In base 14, what is -11b + -17?
-134
In base 14, what is 4 + d16?
d1a
In base 8, what is 102 + 41?
143
In base 4, what is -30233223 - 10?
-30233233
In base 7, what is 50 - -6?
56
In base 4, what is -1 + 311233?
311232
In base 7, what is -5 + -1165?
-1203
In base 12, what is a - 8?
2
In base 13, what is 35 - 0?
35
In base 15, what is 1 + -31?
-30
In base 5, what is 304 - -213?
1022
In base 3, what is 1212 + 2?
1221
In base 9, what is -50 + 14?
-35
In base 11, what is -79 - 4?
-82
In base 14, what is -20a + -3?
-20d
In base 15, what is 25 + 17?
3c
In base 15, what is -7 - -c?
5
In base 10, what is 617 - 45?
572
In base 7, what is 200 + 5?
205
In base 16, what is -38 + -2?
-3a
In base 14, what is -4 + -ab?
-b1
In base 11, what is 24 + 0?
24
In base 5, what is 1 - -43?
44
In base 4, what is -1 + -33112?
-33113
In base 4, what is -12230 - 10?
-12300
In base 16, what is 45 + -1?
44
In base 13, what is -3 - -63?
60
In base 5, what is 413 - -113?
1031
In base 3, what is 12222 + 0?
12222
In base 5, what is 1002 + 11?
1013
In base 13, what is -b + -16?
-24
In base 12, what is -3a98 + -5?
-3aa1
In base 15, what is -5 - -2e?
29
In base 9, what is 4 - -327?
332
In base 14, what is 4 - -21c?
222
In base 5, what is 23402 - 2?
23400
In base 10, what is 894 - 3?
891
In base 3, what is -11 + 0?
-11
In base 16, what is 1 - 15?
-14
In base 5, what is -3 + -3002?
-3010
In base 3, what is -2102 + 11?
-2021
In base 14, what is c + -8?
4
In base 9, what is 3 + 263?
266
In base 4, what is 31 + 3033?
3130
In base 4, what is 1 + 332032?
332033
In base 6, what is -113 + -52?
-205
In base 16, what is 453 - 3?
450
In base 3, what is 110 + -101000?
-100120
In base 10, what is 15858 - -3?
15861
In base 16, what is 2 + -2a?
-28
In base 14, what is 345 + 21?
366
In base 3, what is -122 - -201?
2
In base 12, what is -146 - 2?
-148
In base 14, what is -8 - -b?
3
In base 14, what is -380 - 2?
-382
In base 5, what is 41 + 21?
112
In base 15, what is 131 + 2?
133
In base 3, what is -10011 - -21?
-2220
In base 10, what is 788 + -2?
786
In base 3, what is 0 + 0?
0
In base 6, what is 4 + 1431?
1435
In base 13, what is -1 - -ab1?
ab0
In base 15, what is -39 - -c?
-2c
In base 9, what is 2 + 2118?
2121
In base 9, what is -3 + -465?
-468
In base 3, what is -11121 + 1122?
-2222
In base 10, what is 1023 - -5?
1028
In base 12, what is 52 + 28?
7a
In base 10, what is -90 + -25?
-115
In base 8, what is -41 - -101?
40
In base 2, what is -11110 - 0?
-11110
In base 7, what is -31344 - 0?
-31344
In base 14, what is 5 + 17?
1c
In base 3, what is 10020 + 1201?
11221
In base 16, what is 98 + 0?
98
In base 14, what is -16 + 4b?
35
In base 15, what is 5d28 - 5?
5d23
In base 9, what is -4 - -657?
653
In base 8, what is -1070 + -3?
-1073
In base 12, what is -84 + -3?
-87
In base 5, what is 10 - 12241?
-12231
In base 5, what is -2 - 24131?
-24133
In base 16, what is 588 - 4?
584
In base 9, what is -868 + 3?
-865
In base 4, what is -11 + 3?
-2
In base 16, what is 2 + -638?
-636
In base 9, what is 1 - 60?
-58
In base 11, what is 1 + 6447?
6448
In base 6, what is 131 - -3?
134
In base 15, what is 68 - -a?
73
In base 6, what is 2320 - 0?
2320
In base 15, what is 3 - -59?
5c
In base 12, what is 50 - -27?
77
In base 8, what is 0 + -145?
-145
In base 3, what is 112002 + -12?
111220
In base 15, what is 1 - -b79?
b7a
In base 14, what is -a + -33?
-3d
In base 8, what is 1 + -27?
-26
In base 14, what is -5 + -32?
-37
In base 14, what is 10d - -1?
110
In base 5, what is -22 - 122?
-144
In base 3, what is -20 + -12211?
-20001
In base 10, what is -4 + -6?
-10
In base 9, what is -2 + 423?
421
In base 4, what is -3002 - 0?
-3002
In base 12, what is -26a - -8?
-262
In base 2, what is 0 + 1010111?
1010111
In base 15, what is -18 - -2b?
13
In base 4, what is -1102012 + 11?
-1102001
In base 10, what is 5156 - -1?
5157
In base 7, what is -1231 + -30?
-1261
In base 3, what is 12 + 2022002?
2022021
In base 10, what is -794 + 4?
-790
In base 12, what is 2 - 99?
-97
In base 5, what is 124 + -10?
114
In base 12, what is -1 - 742?
-743
In base 13, what is 3 - -b67?
b6a
In base 2, what is -10 + 10110001001?
10110000111
In base 9, what is 17 - -27?
45
In base 8, what is 0 - -12066?
12066
In base 2, what is -1 - 101110000?
-101110001
In base 16, what is -5 - dd?
-e2
In base 15, what is -65 + -5?
-6a
In